?
False
Let v(y) = -y - 1. Let p be v(-4). Suppose 78 = 5*k - p*k. Is k prime?
False
Let u(n) = 2*n**3 - 6*n**2 + 6*n - 3. Let z = -1 - 3. Let q = 0 - z. Is u(q) prime?
True
Suppose 5*g + 4106 = 7*g. Is g composite?
False
Let w be (-1)/(-3) + (-39)/9. Let a(k) = -k**3 - 2*k**2 + 5*k - 1. Let n be a(-4). Let b = w + n. Is b composite?
False
Suppose -1099 = -4*x + 541. Let w = -265 + x. Is w a composite number?
True
Suppose d = -2, -4*p - 5*d + 6 = -4. Suppose -p*c + 0*c = -4*a + 466, 3*a - 336 = -3*c. Let j = a + -79. Is j composite?
True
Suppose -35 = -5*d - 0*d. Let w = d + -4. Suppose 35 = -w*c + 4*c. Is c a composite number?
True
Let n = -24 + 27. Suppose -3*h + 3*g + 1013 = h, -4*g = -n*h + 765. Is h a composite number?
False
Let n = 85 + -29. Let a = n - 35. Is a a composite number?
True
Let r(v) = 5*v**3 - 2*v**2 + v + 1. Is r(2) composite?
True
Suppose -6*l + 8*l = 8. Suppose -85 = -l*t - 3*k, k - 1 = -2. Is t composite?
True
Suppose 5*y - 2*y - 21 = 0. Let t(v) = -y*v - 3 + 2 - 1. Is t(-4) a prime number?
False
Let m(g) = 2*g**3 + 8*g**2 - 6*g + 2. Let o be m(5). Is (o/4)/((-2)/(-4)) a prime number?
True
Let g(p) = p**2 + 5*p + 14. Let z be g(-13). Suppose m + 108 = 3*m - x, 2*m = -4*x + z. Is m composite?
True
Suppose -986 - 220 = -9*m. Is m composite?
True
Let l(r) = 0*r + 7 - 3*r - 14*r - r. Is l(-6) a composite number?
True
Let m(f) = f**3 - 3*f**2 - 17*f + 16. Is m(11) a composite number?
False
Suppose 5*d - 6 = 4. Suppose 9*n - d*n = 406. Is n a composite number?
True
Let z(x) = 8*x + 8. Let i(l) = -l + 1. Let k(t) = 2*i(t) - z(t). Let v be k(-5). Suppose -4*p + v + 144 = 0. Is p a prime number?
True
Let n = -11 + 23. Is ((-426)/(-18))/(2/n) a prime number?
False
Suppose -598 = -2*p - 4*o, 0*p - 2*p + 594 = 5*o. Is p a prime number?
True
Let f = -8 + 8. Suppose d + 2*i - 35 = 0, 3*d - i + 0*i - 105 = f. Is d a composite number?
True
Let m = 6 - -1. Suppose -2*k + 90 = -m*k. Is 4/k + (-2290)/(-18) composite?
False
Suppose 3*x - 160 = -5*f + 5*x, f - 5*x = 9. Is f a composite number?
True
Is (1/3)/((-1)/8163*-3) prime?
True
Suppose 0 = -7*y + 63 + 98. Is y prime?
True
Let g = 13 + -18. Let f(h) = h**2 + 5*h + 2. Let a be f(g). Is (-5)/a*(-388)/10 composite?
False
Let c = 23 + -19. Suppose -3*w - 95 = -c*j, -j + 24 = -0*w - w. Is j prime?
True
Let y(z) = -25*z + 2. Let m(a) = 26*a - 3. Let o(j) = -3*m(j) - 4*y(j). Let s be 1/1*(1 - 0). Is o(s) a composite number?
False
Let a(p) = 65*p + 7. Let b be a(7). Suppose -d = 2*d - b. Suppose -4*i = -2*i - d. Is i composite?
True
Suppose -2*y - 3*y = -25. Suppose -c + y*c = 0. Is (c - -1)/((-2)/(-154)) a composite number?
True
Suppose 0 = o - 1 - 1. Suppose 212 = 2*p + o*p. Let n = p + -30. Is n composite?
False
Is ((-252)/8)/(-9)*22 prime?
False
Let y(n) = 22*n**3 - n. Is y(1) a composite number?
True
Suppose 0 = -a - 2*a - 3. Let v = 5 + -24. Is (-2)/a + (0 - v) prime?
False
Let s(h) = h**2 + 6*h - 3. Let l be s(-6). Let a = 3 + l. Suppose a = -3*y + 2*y + 9. Is y a prime number?
False
Let z be 54/((-1)/(0 + -1)). Is 204/z + (-4)/(-18) a composite number?
True
Let o(a) = 61*a - 2. Let j be o(-2). Let k = -45 - j. Is k a composite number?
False
Let q = 15 - 6. Let w be (-4)/(-6) + (-6)/q. Suppose w*m = -h + 5*m + 90, -5*h = -3*m - 428. Is h a composite number?
True
Let r(j) = 2*j - 8. Let g be r(6). Suppose -g*v = -l + 2, -v - 21 = 3*l + 12. Is (526/l)/((-7)/35) a composite number?
False
Let u = 9 - 5. Is (-92)/(-2)*6/u prime?
False
Let a = -1 + 1. Suppose g + g - 12 = a. Suppose -d - 5*l + 15 = 0, 0*l + g = d - 4*l. Is d composite?
True
Suppose 0*o + 211 = o. Is o a composite number?
False
Let v(k) be the first derivative of k**3/3 + 7*k**2/2 + 2*k - 3. Let n be v(-7). Suppose 5*a + 5*u = u + 107, -4*a - n*u = -82. Is a a composite number?
False
Suppose 613 = 5*x - 6432. Let r = x - 946. Suppose -4*o + 5*o - 4*z = 111, 4*o + 3*z - r = 0. Is o prime?
False
Let b = 933 + -320. Is b composite?
False
Let v(i) = 122*i + 41. Is v(18) a composite number?
False
Is -12 + 10 + 16/1 a prime number?
False
Suppose 22 = -u - 5*q, 5*q + 24 = u + 6. Let y(w) = 96*w**2 + 3*w + 1. Is y(u) prime?
True
Let h be 10/35 - 10/(-14). Let l be h*10/((-3)/3). Is l/25 + 267/5 prime?
True
Suppose -7730 = -8*p + 6854. Is p a prime number?
True
Suppose 4*v + 0*v + 8 = 0. Is 258 + (-1 - 0/v) a composite number?
False
Let o(g) = 1241*g**2 + 2. Is o(1) a prime number?
False
Let b(p) = -228*p - 1. Let x = -6 + 4. Let i be b(x). Suppose -4*s + i = 147. Is s a composite number?
True
Suppose 10*p - 421 = 269. Is p prime?
False
Suppose 4*l = 3*l + 55. Is l a composite number?
True
Let j(c) = 4*c**2 + 17*c - 11. Is j(8) composite?
True
Is (-372)/21*(-21)/6 a composite number?
True
Is 3/2 + 295/10 a composite number?
False
Let a = 10 - -35. Let m = a + -19. Let f = m - 4. Is f prime?
False
Suppose 4*t = 2*p + 336, -3*t + 266 = -0*t + 2*p. Suppose -2*i = -0*i, g + 4*i - t = 0. Is g composite?
True
Suppose 0*d - 6*d + 5442 = 0. Is d a composite number?
False
Let p(l) = 3*l**2 - 41*l - 30. Let z(d) = -d**2 + 14*d + 10. Let i(q) = -6*p(q) - 17*z(q). Is i(6) a composite number?
True
Let h = 35 + -17. Let r be (-12)/h + (-17)/(-3). Suppose -u + 14 + r = 0. Is u a prime number?
True
Suppose 15*v - 3224 = 2566. Is v a prime number?
False
Let g be 1*(21 + -2)*8. Let y = g + -73. Is y a prime number?
True
Let m(t) = 3*t**2 - 7*t + 6. Suppose -5*i - a - 5 = -0, -2*a + 5 = -5*i. Let h be i - -2 - (0 + -3). Is m(h) composite?
True
Let n = 432 - 254. Suppose -p + n = p. Is p a composite number?
False
Let k = 1 - 1. Let f = -11 + 15. Suppose k = -f*r + 3 + 49. Is r composite?
False
Let v = -199 + 410. Is v a composite number?
False
Let h be 22/(-6) + 4/6. Let x be (30/(-50))/((-2)/10). Is 101/x - (-2)/h a prime number?
False
Let k(z) = -z**3 + 9*z**2 + 3*z + 12. Is k(5) a prime number?
True
Suppose 2*r - 3*r - 22 = -5*l, 5*r = 3*l. Suppose -r*x = -2*s - x + 16, 49 = 3*s + 2*x. Is s a prime number?
True
Suppose 0 = 5*h - 3*b - 14, 3*b = 2*h - 10 - 1. Is 93 + (h - 3 - -2) a prime number?
False
Let j be 3*(-4)/6 + 6. Let q be -1*(-2)/(-1 - -2). Suppose q*c - 5 + 2 = -z, j*c - 4*z - 24 = 0. Is c a composite number?
False
Let k = 29 - -4. Is k composite?
True
Let o(h) = 2*h**2 + 7*h. Is o(5) prime?
False
Suppose 2*v + 0*v - 84 = 0. Let w = -11 + v. Is w a composite number?
False
Suppose -3*l = 2*f - 1475, -5*f - 4*l + 3710 = -l. Is f a composite number?
True
Let t(o) be the third derivative of -37*o**4/24 + o**3/3 + o**2. Is t(-5) a prime number?
False
Suppose 2*o - 4*q = -18, -3*o + 5*q - q - 17 = 0. Suppose -s - 3 = -1. Let c = o - s. Is c a prime number?
True
Let b(l) = -12*l - 12. Let p be b(-15). Suppose p = 3*j - 279. Is j composite?
False
Suppose -p - 4*p + 217 = x, 5*x - 2*p - 1004 = 0. Is x prime?
False
Let x(t) = 26*t**2 - 3*t + 3. Let v be x(2). Let b = -46 + v. Is b a composite number?
True
Let k be ((-11)/3)/((-2)/(-36)). Let c(i) = -i**3 - 6*i**2 + 11*i + 9. Let t be c(-9). Let m = t + k. Is m a composite number?
True
Suppose 0 = 3*d - 895 - 716. Is d a prime number?
False
Let p = 35 - 16. Is p a prime number?
True
Let c = -2076 + 3637. Is c a composite number?
True
Let s(v) = v**3 - 10*v**2 + v + 11. Is s(11) composite?
True
Let h = -6 - -110. Suppose 3*p - 7*p + 4*a = -h, 2*p - 4*a = 60. Is p a composite number?
True
Let m = -14 - -69. Is m composite?
True
Let i(s) = -s + 8. Let c be i(5). Suppose -r = c*r. Suppose y + y - 178 = r. Is y a composite number?
False
Suppose -w - 2*w + 957 = 0. Is w a prime number?
False
Let n = -6 + 97. Is n a composite number?
True
Let r = 7 - -2. Let j be (-3)/r + 4/(-6). Is 2/(j - 1) + 122 prime?
False
Let h be (-1014)/15*(-6 + 1). Suppose 2*z - 7*z = 5, z - h = -3*c. Suppose -4*x + c = -3*x. Is x composite?
False
Suppose -121 = -z + 2*v, 4*z = 3*v + 125 + 374. Is z prime?
True
Let i be 7/(21/(-690))*-2. Suppose 4*z - i = -4*r, -3*z + 451 = z - 5*r. Suppose -5*n = -5*c - 105, 3*n + 2*n - z = -4*c. Is n a prime number?
False
Let f(i) = -588*i + 47. Is f(-8) a composite number?
False
Let l(t) = 69*t**2 + 1. Is l(3) composite?
True
Let f be 290/8 - 4/16. Suppose j - 110 = -3*r, -5*j - 154 = -5*r + f. Is r prime?
True
Suppose -5*x = -5*w - 4635, 0 = 3*x - x - w - 1850. Is x a composite number?
True
L